{"id":34845,"date":"2026-02-20T19:02:17","date_gmt":"2026-02-20T18:02:17","guid":{"rendered":"https:\/\/rentexpressmallorca.com\/?page_id=34845"},"modified":"2026-02-20T19:12:00","modified_gmt":"2026-02-20T18:12:00","slug":"uber-uns","status":"publish","type":"page","link":"https:\/\/rentexpressmallorca.com\/de\/uber-uns\/","title":{"rendered":"\u00dcber uns"},"content":{"rendered":"\t\t<div data-elementor-type=\"wp-page\" data-elementor-id=\"34845\" class=\"elementor elementor-34845\" data-elementor-post-type=\"page\">\n\t\t\t\t<div class=\"elementor-element elementor-element-21570e3 e-flex e-con-boxed e-con e-parent\" data-id=\"21570e3\" data-element_type=\"container\" data-settings=\"{&quot;content_width&quot;:&quot;boxed&quot;}\" data-core-v316-plus=\"true\">\n\t\t\t\t\t<div class=\"e-con-inner\">\n\t\t\t\t<div class=\"elementor-element elementor-element-c55cc1e elementor-widget elementor-widget-text-editor\" data-id=\"c55cc1e\" data-element_type=\"widget\" data-widget_type=\"text-editor.default\">\n\t\t\t\t<div class=\"elementor-widget-container\">\n\t\t\t<style>\/*! elementor - v3.19.0 - 05-02-2024 *\/\n.elementor-widget-text-editor.elementor-drop-cap-view-stacked .elementor-drop-cap{background-color:#69727d;color:#fff}.elementor-widget-text-editor.elementor-drop-cap-view-framed .elementor-drop-cap{color:#69727d;border:3px solid;background-color:transparent}.elementor-widget-text-editor:not(.elementor-drop-cap-view-default) .elementor-drop-cap{margin-top:8px}.elementor-widget-text-editor:not(.elementor-drop-cap-view-default) .elementor-drop-cap-letter{width:1em;height:1em}.elementor-widget-text-editor .elementor-drop-cap{float:left;text-align:center;line-height:1;font-size:50px}.elementor-widget-text-editor .elementor-drop-cap-letter{display:inline-block}<\/style>\t\t\t\t<p data-start=\"710\" data-end=\"919\">Wir sind ein lokaler Anbieter f\u00fcr Mietprodukte und praktische Services auf Mallorca. Unser Unternehmen unterst\u00fctzt Urlauber und Residenten mit zuverl\u00e4ssigen L\u00f6sungen rund um Mobilit\u00e4t, Komfort und Reisebedarf.<\/p><p data-start=\"921\" data-end=\"1159\">Zu unserem Angebot geh\u00f6ren unter anderem Elektromobile, Kindersitze, Haushaltsger\u00e4te sowie eine zentrale Gep\u00e4ckaufbewahrung in Palma de Mallorca. Unser Ziel ist es, Besuchern der Insel einen unkomplizierten und sicheren Service zu bieten.<\/p><p data-start=\"1161\" data-end=\"1335\">Unser Standort in Palma erm\u00f6glicht eine schnelle Abwicklung und pers\u00f6nliche Betreuung. Viele Kunden sch\u00e4tzen unsere flexiblen L\u00f6sungen und die direkte Erreichbarkeit vor Ort.<\/p><p data-start=\"1337\" data-end=\"1547\">Wir legen gro\u00dfen Wert auf saubere und gepr\u00fcfte Produkte, transparente Preise und einen freundlichen Kundenservice. Unser Team spricht Deutsch, Englisch und Spanisch und steht bei Fragen jederzeit zur Verf\u00fcgung.<\/p>\t\t\t\t\t\t<\/div>\n\t\t\t\t<\/div>\n\t\t\t\t\t<\/div>\n\t\t\t\t<\/div>\n\t\t\t\t<\/div>\n\t\t","protected":false},"excerpt":{"rendered":"<p>Wir sind ein lokaler Anbieter f\u00fcr Mietprodukte und praktische Services auf Mallorca. Unser Unternehmen unterst\u00fctzt Urlauber und Residenten mit zuverl\u00e4ssigen L\u00f6sungen rund um Mobilit\u00e4t, Komfort und Reisebedarf. Zu unserem Angebot geh\u00f6ren unter anderem Elektromobile, Kindersitze, Haushaltsger\u00e4te sowie eine zentrale Gep\u00e4ckaufbewahrung in Palma de Mallorca. Unser Ziel ist es, Besuchern der Insel einen unkomplizierten und sicheren [&hellip;]<\/p>\n","protected":false},"author":3,"featured_media":0,"parent":0,"menu_order":0,"comment_status":"closed","ping_status":"closed","template":"","meta":{"site-sidebar-layout":"no-sidebar","site-content-layout":"","ast-site-content-layout":"full-width-container","site-content-style":"default","site-sidebar-style":"default","ast-global-header-display":"","ast-banner-title-visibility":"","ast-main-header-display":"","ast-hfb-above-header-display":"","ast-hfb-below-header-display":"","ast-hfb-mobile-header-display":"","site-post-title":"","ast-breadcrumbs-content":"","ast-featured-img":"disabled","footer-sml-layout":"","ast-disable-related-posts":"","theme-transparent-header-meta":"","adv-header-id-meta":"","stick-header-meta":"","header-above-stick-meta":"","header-main-stick-meta":"","header-below-stick-meta":"","astra-migrate-meta-layouts":"default","ast-page-background-enabled":"default","ast-page-background-meta":{"desktop":{"background-color":"var(--ast-global-color-4)","background-image":"","background-repeat":"repeat","background-position":"center center","background-size":"auto","background-attachment":"scroll","background-type":"","background-media":"","overlay-type":"","overlay-color":"","overlay-opacity":"","overlay-gradient":""},"tablet":{"background-color":"","background-image":"","background-repeat":"repeat","background-position":"center center","background-size":"auto","background-attachment":"scroll","background-type":"","background-media":"","overlay-type":"","overlay-color":"","overlay-opacity":"","overlay-gradient":""},"mobile":{"background-color":"","background-image":"","background-repeat":"repeat","background-position":"center center","background-size":"auto","background-attachment":"scroll","background-type":"","background-media":"","overlay-type":"","overlay-color":"","overlay-opacity":"","overlay-gradient":""}},"ast-content-background-meta":{"desktop":{"background-color":"var(--ast-global-color-5)","background-image":"","background-repeat":"repeat","background-position":"center center","background-size":"auto","background-attachment":"scroll","background-type":"","background-media":"","overlay-type":"","overlay-color":"","overlay-opacity":"","overlay-gradient":""},"tablet":{"background-color":"var(--ast-global-color-5)","background-image":"","background-repeat":"repeat","background-position":"center center","background-size":"auto","background-attachment":"scroll","background-type":"","background-media":"","overlay-type":"","overlay-color":"","overlay-opacity":"","overlay-gradient":""},"mobile":{"background-color":"var(--ast-global-color-5)","background-image":"","background-repeat":"repeat","background-position":"center center","background-size":"auto","background-attachment":"scroll","background-type":"","background-media":"","overlay-type":"","overlay-color":"","overlay-opacity":"","overlay-gradient":""}},"footnotes":""},"class_list":["post-34845","page","type-page","status-publish","hentry"],"_links":{"self":[{"href":"https:\/\/rentexpressmallorca.com\/de\/wp-json\/wp\/v2\/pages\/34845","targetHints":{"allow":["GET"]}}],"collection":[{"href":"https:\/\/rentexpressmallorca.com\/de\/wp-json\/wp\/v2\/pages"}],"about":[{"href":"https:\/\/rentexpressmallorca.com\/de\/wp-json\/wp\/v2\/types\/page"}],"author":[{"embeddable":true,"href":"https:\/\/rentexpressmallorca.com\/de\/wp-json\/wp\/v2\/users\/3"}],"replies":[{"embeddable":true,"href":"https:\/\/rentexpressmallorca.com\/de\/wp-json\/wp\/v2\/comments?post=34845"}],"version-history":[{"count":6,"href":"https:\/\/rentexpressmallorca.com\/de\/wp-json\/wp\/v2\/pages\/34845\/revisions"}],"predecessor-version":[{"id":34852,"href":"https:\/\/rentexpressmallorca.com\/de\/wp-json\/wp\/v2\/pages\/34845\/revisions\/34852"}],"wp:attachment":[{"href":"https:\/\/rentexpressmallorca.com\/de\/wp-json\/wp\/v2\/media?parent=34845"}],"curies":[{"name":"wp","href":"https:\/\/api.w.org\/{rel}","templated":true}]}}

Über uns

<div data-elementor-type="wp-page" data-elementor-id="34845" class="elementor elementor-34845" data-elementor-post-type="page">
				<div class="elementor-element elementor-element-21570e3 e-flex e-con-boxed e-con e-parent" data-id="21570e3" data-element_type="container" data-settings="{&quot;content_width&quot;:&quot;boxed&quot;}" data-core-v316-plus="true">
					<div class="e-con-inner">
				<div class="elementor-element elementor-element-c55cc1e elementor-widget elementor-widget-text-editor" data-id="c55cc1e" data-element_type="widget" data-widget_type="text-editor.default">
				<div class="elementor-widget-container">
			<style>/*! elementor - v3.19.0 - 05-02-2024 */
.elementor-widget-text-editor.elementor-drop-cap-view-stacked .elementor-drop-cap{background-color:#69727d;color:#fff}.elementor-widget-text-editor.elementor-drop-cap-view-framed .elementor-drop-cap{color:#69727d;border:3px solid;background-color:transparent}.elementor-widget-text-editor:not(.elementor-drop-cap-view-default) .elementor-drop-cap{margin-top:8px}.elementor-widget-text-editor:not(.elementor-drop-cap-view-default) .elementor-drop-cap-letter{width:1em;height:1em}.elementor-widget-text-editor .elementor-drop-cap{float:left;text-align:center;line-height:1;font-size:50px}.elementor-widget-text-editor .elementor-drop-cap-letter{display:inline-block}</style>				<p data-start="710" data-end="919">Wir sind ein lokaler Anbieter für Mietprodukte und praktische Services auf Mallorca. Unser Unternehmen unterstützt Urlauber und Residenten mit zuverlässigen Lösungen rund um Mobilität, Komfort und Reisebedarf.</p><p data-start="921" data-end="1159">Zu unserem Angebot gehören unter anderem Elektromobile, Kindersitze, Haushaltsgeräte sowie eine zentrale Gepäckaufbewahrung in Palma de Mallorca. Unser Ziel ist es, Besuchern der Insel einen unkomplizierten und sicheren Service zu bieten.</p><p data-start="1161" data-end="1335">Unser Standort in Palma ermöglicht eine schnelle Abwicklung und persönliche Betreuung. Viele Kunden schätzen unsere flexiblen Lösungen und die direkte Erreichbarkeit vor Ort.</p><p data-start="1337" data-end="1547">Wir legen großen Wert auf saubere und geprüfte Produkte, transparente Preise und einen freundlichen Kundenservice. Unser Team spricht Deutsch, Englisch und Spanisch und steht bei Fragen jederzeit zur Verfügung.</p>						</div>
				</div>
					</div>
				</div>
				</div>

<p>Wir sind ein lokaler Anbieter für Mietprodukte und praktische Services auf Mallorca. Unser Unternehmen unterstützt Urlauber und Residenten mit zuverlässigen Lösungen rund um Mobilität, Komfort und Reisebedarf. Zu unserem Angebot gehören unter anderem Elektromobile, Kindersitze, Haushaltsgeräte sowie eine zentrale Gepäckaufbewahrung in Palma de Mallorca. Unser Ziel ist es, Besuchern der Insel einen unkomplizierten und sicheren [&hellip;]</p>
