{"id":34863,"date":"2026-02-20T19:02:17","date_gmt":"2026-02-20T18:02:17","guid":{"rendered":"https:\/\/rentexpressmallorca.com\/?page_id=34863"},"modified":"2026-02-20T19:32:22","modified_gmt":"2026-02-20T18:32:22","slug":"a-propos-de-nous","status":"publish","type":"page","link":"https:\/\/rentexpressmallorca.com\/fr\/a-propos-de-nous\/","title":{"rendered":"\u00c0 propos de nous"},"content":{"rendered":"\t\t<div data-elementor-type=\"wp-page\" data-elementor-id=\"34863\" class=\"elementor elementor-34863 elementor-34845\" data-elementor-post-type=\"page\">\n\t\t\t\t<div class=\"elementor-element elementor-element-21570e3 e-flex e-con-boxed e-con e-parent\" data-id=\"21570e3\" data-element_type=\"container\" data-settings=\"{&quot;content_width&quot;:&quot;boxed&quot;}\" data-core-v316-plus=\"true\">\n\t\t\t\t\t<div class=\"e-con-inner\">\n\t\t\t\t<div class=\"elementor-element elementor-element-c55cc1e elementor-widget elementor-widget-text-editor\" data-id=\"c55cc1e\" data-element_type=\"widget\" data-widget_type=\"text-editor.default\">\n\t\t\t\t<div class=\"elementor-widget-container\">\n\t\t\t<style>\/*! elementor - v3.19.0 - 05-02-2024 *\/\n.elementor-widget-text-editor.elementor-drop-cap-view-stacked .elementor-drop-cap{background-color:#69727d;color:#fff}.elementor-widget-text-editor.elementor-drop-cap-view-framed .elementor-drop-cap{color:#69727d;border:3px solid;background-color:transparent}.elementor-widget-text-editor:not(.elementor-drop-cap-view-default) .elementor-drop-cap{margin-top:8px}.elementor-widget-text-editor:not(.elementor-drop-cap-view-default) .elementor-drop-cap-letter{width:1em;height:1em}.elementor-widget-text-editor .elementor-drop-cap{float:left;text-align:center;line-height:1;font-size:50px}.elementor-widget-text-editor .elementor-drop-cap-letter{display:inline-block}<\/style>\t\t\t\t<p data-start=\"1797\" data-end=\"2061\">Nous sommes un prestataire local de location \u00e0 Majorque proposant des produits et services pratiques pour les touristes et les r\u00e9sidents. Notre entreprise accompagne les visiteurs avec des solutions fiables li\u00e9es \u00e0 la mobilit\u00e9, au confort et aux besoins de voyage.<\/p><p data-start=\"2063\" data-end=\"2326\">Nos services comprennent des scooters de mobilit\u00e9, des si\u00e8ges auto, des appareils \u00e9lectrom\u00e9nagers ainsi qu\u2019un service de consigne \u00e0 bagages dans le centre de Palma de Majorque. Notre objectif est d\u2019offrir un service simple, s\u00fbr et efficace aux visiteurs de l\u2019\u00eele.<\/p><p data-start=\"2328\" data-end=\"2488\">Notre emplacement \u00e0 Palma permet un service rapide et une assistance personnalis\u00e9e. De nombreux clients appr\u00e9cient nos solutions flexibles et le contact direct.<\/p><p data-start=\"2490\" data-end=\"2685\">Nous accordons une grande importance \u00e0 des produits propres et contr\u00f4l\u00e9s, \u00e0 des prix transparents et \u00e0 un service client professionnel. Notre \u00e9quipe parle allemand, anglais, espagnol et fran\u00e7ais.<\/p>\t\t\t\t\t\t<\/div>\n\t\t\t\t<\/div>\n\t\t\t\t\t<\/div>\n\t\t\t\t<\/div>\n\t\t\t\t<\/div>\n\t\t","protected":false},"excerpt":{"rendered":"<p>Nous sommes un prestataire local de location \u00e0 Majorque proposant des produits et services pratiques pour les touristes et les r\u00e9sidents. Notre entreprise accompagne les visiteurs avec des solutions fiables li\u00e9es \u00e0 la mobilit\u00e9, au confort et aux besoins de voyage. Nos services comprennent des scooters de mobilit\u00e9, des si\u00e8ges auto, des appareils \u00e9lectrom\u00e9nagers ainsi [&hellip;]<\/p>\n","protected":false},"author":3,"featured_media":0,"parent":0,"menu_order":0,"comment_status":"closed","ping_status":"closed","template":"","meta":{"site-sidebar-layout":"no-sidebar","site-content-layout":"","ast-site-content-layout":"full-width-container","site-content-style":"default","site-sidebar-style":"default","ast-global-header-display":"","ast-banner-title-visibility":"","ast-main-header-display":"","ast-hfb-above-header-display":"","ast-hfb-below-header-display":"","ast-hfb-mobile-header-display":"","site-post-title":"","ast-breadcrumbs-content":"","ast-featured-img":"disabled","footer-sml-layout":"","ast-disable-related-posts":"","theme-transparent-header-meta":"","adv-header-id-meta":"","stick-header-meta":"","header-above-stick-meta":"","header-main-stick-meta":"","header-below-stick-meta":"","astra-migrate-meta-layouts":"default","ast-page-background-enabled":"default","ast-page-background-meta":{"desktop":{"background-color":"var(--ast-global-color-4)","background-image":"","background-repeat":"repeat","background-position":"center center","background-size":"auto","background-attachment":"scroll","background-type":"","background-media":"","overlay-type":"","overlay-color":"","overlay-opacity":"","overlay-gradient":""},"tablet":{"background-color":"","background-image":"","background-repeat":"repeat","background-position":"center center","background-size":"auto","background-attachment":"scroll","background-type":"","background-media":"","overlay-type":"","overlay-color":"","overlay-opacity":"","overlay-gradient":""},"mobile":{"background-color":"","background-image":"","background-repeat":"repeat","background-position":"center center","background-size":"auto","background-attachment":"scroll","background-type":"","background-media":"","overlay-type":"","overlay-color":"","overlay-opacity":"","overlay-gradient":""}},"ast-content-background-meta":{"desktop":{"background-color":"var(--ast-global-color-5)","background-image":"","background-repeat":"repeat","background-position":"center center","background-size":"auto","background-attachment":"scroll","background-type":"","background-media":"","overlay-type":"","overlay-color":"","overlay-opacity":"","overlay-gradient":""},"tablet":{"background-color":"var(--ast-global-color-5)","background-image":"","background-repeat":"repeat","background-position":"center center","background-size":"auto","background-attachment":"scroll","background-type":"","background-media":"","overlay-type":"","overlay-color":"","overlay-opacity":"","overlay-gradient":""},"mobile":{"background-color":"var(--ast-global-color-5)","background-image":"","background-repeat":"repeat","background-position":"center center","background-size":"auto","background-attachment":"scroll","background-type":"","background-media":"","overlay-type":"","overlay-color":"","overlay-opacity":"","overlay-gradient":""}},"footnotes":""},"class_list":["post-34863","page","type-page","status-publish","hentry"],"_links":{"self":[{"href":"https:\/\/rentexpressmallorca.com\/fr\/wp-json\/wp\/v2\/pages\/34863","targetHints":{"allow":["GET"]}}],"collection":[{"href":"https:\/\/rentexpressmallorca.com\/fr\/wp-json\/wp\/v2\/pages"}],"about":[{"href":"https:\/\/rentexpressmallorca.com\/fr\/wp-json\/wp\/v2\/types\/page"}],"author":[{"embeddable":true,"href":"https:\/\/rentexpressmallorca.com\/fr\/wp-json\/wp\/v2\/users\/3"}],"replies":[{"embeddable":true,"href":"https:\/\/rentexpressmallorca.com\/fr\/wp-json\/wp\/v2\/comments?post=34863"}],"version-history":[{"count":4,"href":"https:\/\/rentexpressmallorca.com\/fr\/wp-json\/wp\/v2\/pages\/34863\/revisions"}],"predecessor-version":[{"id":34867,"href":"https:\/\/rentexpressmallorca.com\/fr\/wp-json\/wp\/v2\/pages\/34863\/revisions\/34867"}],"wp:attachment":[{"href":"https:\/\/rentexpressmallorca.com\/fr\/wp-json\/wp\/v2\/media?parent=34863"}],"curies":[{"name":"wp","href":"https:\/\/api.w.org\/{rel}","templated":true}]}}

À propos de nous

<div data-elementor-type="wp-page" data-elementor-id="34863" class="elementor elementor-34863 elementor-34845" data-elementor-post-type="page">
				<div class="elementor-element elementor-element-21570e3 e-flex e-con-boxed e-con e-parent" data-id="21570e3" data-element_type="container" data-settings="{&quot;content_width&quot;:&quot;boxed&quot;}" data-core-v316-plus="true">
					<div class="e-con-inner">
				<div class="elementor-element elementor-element-c55cc1e elementor-widget elementor-widget-text-editor" data-id="c55cc1e" data-element_type="widget" data-widget_type="text-editor.default">
				<div class="elementor-widget-container">
			<style>/*! elementor - v3.19.0 - 05-02-2024 */
.elementor-widget-text-editor.elementor-drop-cap-view-stacked .elementor-drop-cap{background-color:#69727d;color:#fff}.elementor-widget-text-editor.elementor-drop-cap-view-framed .elementor-drop-cap{color:#69727d;border:3px solid;background-color:transparent}.elementor-widget-text-editor:not(.elementor-drop-cap-view-default) .elementor-drop-cap{margin-top:8px}.elementor-widget-text-editor:not(.elementor-drop-cap-view-default) .elementor-drop-cap-letter{width:1em;height:1em}.elementor-widget-text-editor .elementor-drop-cap{float:left;text-align:center;line-height:1;font-size:50px}.elementor-widget-text-editor .elementor-drop-cap-letter{display:inline-block}</style>				<p data-start="1797" data-end="2061">Nous sommes un prestataire local de location à Majorque proposant des produits et services pratiques pour les touristes et les résidents. Notre entreprise accompagne les visiteurs avec des solutions fiables liées à la mobilité, au confort et aux besoins de voyage.</p><p data-start="2063" data-end="2326">Nos services comprennent des scooters de mobilité, des sièges auto, des appareils électroménagers ainsi qu’un service de consigne à bagages dans le centre de Palma de Majorque. Notre objectif est d’offrir un service simple, sûr et efficace aux visiteurs de l’île.</p><p data-start="2328" data-end="2488">Notre emplacement à Palma permet un service rapide et une assistance personnalisée. De nombreux clients apprécient nos solutions flexibles et le contact direct.</p><p data-start="2490" data-end="2685">Nous accordons une grande importance à des produits propres et contrôlés, à des prix transparents et à un service client professionnel. Notre équipe parle allemand, anglais, espagnol et français.</p>						</div>
				</div>
					</div>
				</div>
				</div>

<p>Nous sommes un prestataire local de location à Majorque proposant des produits et services pratiques pour les touristes et les résidents. Notre entreprise accompagne les visiteurs avec des solutions fiables liées à la mobilité, au confort et aux besoins de voyage. Nos services comprennent des scooters de mobilité, des sièges auto, des appareils électroménagers ainsi [&hellip;]</p>
